81 = 3*o. What is the tens digit of s?
2
Let f = -25 - -85. Suppose -4*q + 12 - f = 0. What is the units digit of (4/q)/(2/(-426))?
1
Suppose -23*v + 21*v = -1026. What is the hundreds digit of v?
5
Suppose 32*t - 37745 - 31439 = 0. What is the units digit of t?
2
Let i = 758 - 125. What is the tens digit of i?
3
Let r(b) = -b**3 + 3*b + 269. What is the hundreds digit of r(0)?
2
Suppose 0 = 4*p - 2*p - 5*v + 12, 4*p - 5*v = -4. Let t = p + 2. What is the units digit of t?
6
Suppose -446 = -3*f + k, -f + 206 - 39 = -4*k. What is the hundreds digit of f?
1
Let x = -2021 - -3330. Suppose 8*a = -3*a + x. What is the tens digit of a?
1
Let r = -3 + 5. Suppose 4*u - 3*k = -33, 5*k + 1 = r*u - 0. Let c = u + 18. What is the units digit of c?
6
Let t = 665 - 417. What is the units digit of t?
8
Let z be (-2316)/(-21) - 2/7. Suppose -z = -5*p - 0*p. Suppose 0*o - 2*o + p = 0. What is the units digit of o?
1
Suppose 1373*k = 1379*k - 4956. What is the tens digit of k?
2
Suppose 13*d = 11*d + 6. Suppose 46 = 4*y - 5*s, -4*y - d*s + 14 + 16 = 0. Let m(u) = u**2 - 11*u + 21. What is the units digit of m(y)?
3
What is the units digit of 6/(-27) - (-2 - 16692/27)?
0
Let s = -109 - -306. What is the hundreds digit of s?
1
Let y = -25 - -18. Let g(z) = -11*z - 30. What is the tens digit of g(y)?
4
Suppose 0 = 4*k + 3*r - 4, 2*r + 8 = 0. Suppose -k = -3*j - 1. What is the units digit of (-5)/(-15)*165/j?
5
Let v(o) = -4*o + 2*o + 2*o - 14 - 4*o. Let q be v(-5). What is the tens digit of -4*((-4)/1 - q)?
4
Suppose -44 = 16*n + 4. What is the units digit of ((-2)/n)/((-10)/(-1140))?
6
Suppose -342 = y - 2*y. Suppose -2*c + y = 3*x, -2*c + 684 = 2*c - 4*x. Suppose 3*b = -j + c, -3*b + 4*j = -30 - 156. What is the units digit of b?
8
Let r(q) = -17*q - 52. What is the units digit of r(-4)?
6
Let w be 3/1 - (-2 + 1). Suppose 4*g - g + 26 = 2*h, -2*h = 3*g + 10. What is the tens digit of 19 - w*3/g?
2
Let w be (382/(-6))/(4*(-1)/(-12)). Let d = -41 - w. What is the units digit of d?
0
Let d = 436 + -180. Suppose 18*o = 22*o - d. What is the units digit of o?
4
Suppose -5*b + 2*s + 5691 = 0, -3*b + 5*s = -1614 - 1793. What is the tens digit of b?
3
Suppose -4*g = 4*u - 4556, -12*u + 7*u = 4*g - 5697. What is the units digit of u?
1
Suppose 1128 = 9*b - 3*b. Suppose -2*c - 4*m = -5*m - 340, -c = -5*m - b. What is the units digit of c?
8
What is the units digit of (-2)/(-8) + (-22)/(-8) + 180?
3
Let w(x) = 23 + 2*x + 187*x**2 - 176*x**2 + 6*x. What is the hundreds digit of w(-4)?
1
Suppose 0 = -2*l - 6 + 30. What is the units digit of 2/(8/6)*232/l?
9
Suppose -i + t - 6*t + 18 = 0, 5*i = 5*t. What is the units digit of ((-76)/16)/(i/(-48))?
6
Suppose -16*b = -3*b - 10868. What is the tens digit of b?
3
Let t(g) = 2*g - 9. Let h be t(7). Suppose 0 = d, -h*l + 1 = -d - 99. What is the units digit of l?
0
Suppose 0*d - 6*d + 12 = 0. Suppose -a - 2*f - 11 = -f, 2*a - 4*f - d = 0. What is the units digit of 1590/70 - 2/a?
3
Suppose 38 = 13*h - 14. Suppose 3*d + 3*k - 633 = 0, h*d + 0*k = -k + 856. What is the hundreds digit of d?
2
Let t be -1*(-1 + (-1)/(-1)). Suppose -246 = -2*z - 3*m, 15 - 11 = 2*m. Suppose 5*q - z = -4*l, t = q - 3*q. What is the units digit of l?
0
Suppose -626*z = -619*z - 6937. What is the units digit of z?
1
Let g = -59 - -56. What is the units digit of (-577)/g + 10/6 + -2?
2
Let x be (-22)/(-4) - 14/28. Let u(r) = -2*r - 17. Let n be u(-14). Suppose x*i + 1 = n. What is the units digit of i?
2
Let q = -20 - -8. Let v = 14 + q. What is the units digit of v/5 + (-556)/(-10)?
6
Let p = -224 - -2189. What is the hundreds digit of p?
9
Suppose s - 3*f + 0*f + 124 = 0, -2*f + 228 = -2*s. Let m = s + 166. What is the units digit of m?
7
Let b(y) = -y**2 + 5*y + 3. Let m be b(5). Let q(k) = -m*k + 12 + 10*k + k**2 + 2*k. What is the units digit of q(-9)?
2
Let t = -617 - -1868. What is the hundreds digit of t?
2
Suppose 0 = 40*a - 26*a - 5642. What is the hundreds digit of a?
4
Let x(m) be the second derivative of 25*m**4/24 + 2*m**3/3 + 13*m**2/2 + 10*m. Let j(r) be the first derivative of x(r). What is the tens digit of j(2)?
5
Let n be 26 + -27 - (-1108)/1. Suppose 5*d = -q - 2*q + n, 0 = -4*d + 5*q + 856. What is the hundreds digit of d?
2
Suppose 0 = 8*f - 16514 + 2554. What is the thousands digit of f?
1
Let w be 30/(-9)*54/(-30). What is the units digit of (2 - w/4)*-191*-2?
1
Let x be ((-14)/21)/(1/(-3)). Let f(v) = -12*v + v**3 - 2*v**3 - 20 + 13*v**x + 2*v**2. What is the units digit of f(14)?
8
Let w(j) = -7*j + 8. Let d be w(9). Let r be 57/(-11) + (-10)/d. Let y = r + 16. What is the units digit of y?
1
Let l(k) = k**3 - 8*k**2 + 3*k - 10. Let v be (-1)/3 + 12/9. Let o be 1/(v + 0) - -7. What is the units digit of l(o)?
4
Suppose -39*x + 41*x - 3166 = 0. What is the thousands digit of x?
1
Suppose 18 + 2 = -4*o, -n - 3*o = 13. Suppose -2*v + 82 = 5*w, -n*v + 2*w = -0*v - 68. What is the tens digit of v?
3
Let j(i) = i**3 - 4*i**2 - 5*i - 4. Let u be j(5). Suppose -37 = -5*c + 153. What is the tens digit of c + (-1 + 5)/u?
3
Suppose y = 3*c, -3*c = -y + 2*c. Suppose y = -q - 9*q + 250. What is the tens digit of q?
2
Suppose o = k + 4, 5*k + 0*o - o = -12. Suppose -4*r - 5*u - 26 - 12 = 0, -2*u + 4 = 0. What is the units digit of (r/(-14))/(k/(-168))?
2
Let y(h) = h + 12. Let p be y(-11). Let b(z) = 69*z**3 - 2*z**2 + 1. What is the units digit of b(p)?
8
Let a(x) = x**3 + x + 1. Let u(y) = 3*y**3 - 4*y**2 + 3*y + 6. Let p(g) = -2*a(g) + u(g). Let w(s) = s - 9. Let v be w(13). What is the units digit of p(v)?
8
Suppose j = 0, 0 = 5*i - 4*i - 4*j - 1. Let p be (1/2)/(i/8). Suppose h - p = 0, -v + 2*h = -6 + 1. What is the tens digit of v?
1
Suppose -10*a = -7*a - 1065. Suppose 5*w + 0*f = 4*f + 354, 5*f = 5*w - a. What is the tens digit of w?
7
Suppose 2*f + 77 = 4*r - 121, 4*r + 495 = -5*f. Let z = f - -209. What is the tens digit of z?
1
Let u(y) = -y**3 + 9*y**2 + 3*y - 30. Let l be u(9). What is the units digit of 4/14 + 1384/56 + l?
2
Suppose m = x + 9, -3*x + 8*x = 2*m - 27. Suppose 2*r + 48 = m*r. Suppose 2*w - 3*w - 22 = -3*h, -h - 2*w + r = 0. What is the units digit of h?
8
Suppose -6*x + 641 = -1123. What is the units digit of x?
4
Let b = -27 + 31. Suppose 51 = -b*h + 327. What is the tens digit of h?
6
Suppose 10*w = 5*w + 130. Suppose 25*a + 83 = w*a. What is the units digit of a?
3
Let d(q) = 14*q + 14. Let i be d(-6). Let r = 76 + i. What is the units digit of r?
6
Let f be 1/(-3) + (-105)/(-45). Suppose 0 = 5*m + 2*h - 74, 0*h + 18 = m + f*h. What is the tens digit of 4/m + 1504/28?
5
Let h = -1946 + 2607. What is the units digit of h?
1
Let d = 1078 + -391. What is the units digit of d?
7
Let n(b) = -b**3 - 3*b**2 + 5*b - 3. Suppose 3*g + 25 = -2*g. What is the tens digit of n(g)?
2
Let p(a) = a**2 - 6*a - 7. Let i be p(7). Suppose k - 4*k + 192 = i. What is the tens digit of k?
6
Let c(s) = -s**3 + 12*s**2 - 8*s - 24. Suppose -2*h + 33 = 3*g - 5*h, -3*g = 3*h - 27. What is the tens digit of c(g)?
9
Suppose i + 234 = -5*i. Let v = i - -102. What is the units digit of v?
3
Let j = -1765 - -2997. What is the tens digit of j?
3
Suppose 2*o + 24 = p + 1, 125 = 5*p - 5*o. Let h = p + -14. What is the tens digit of h?
1
Suppose 3*o - 2*z - z = 117, 4*o + 4*z = 164. Let i be (-3)/(6*1/28). Let s = i + o. What is the units digit of s?
6
Suppose -10*q - 878 + 2148 = 0. Suppose 0 = -j + q - 9. What is the units digit of j?
8
Let t = -1091 - -1299. What is the hundreds digit of t?
2
Let m = 19 + -25. What is the units digit of ((-336)/(-40))/(m/(-20))?
8
Let v = -705 + 1176. What is the hundreds digit of v?
4
Let b(t) be the second derivative of t**3/6 + t**2 + 5*t. Let c be b(0). Suppose 0 = -2*o - 2*o + c*i + 158, 0 = 3*o + 2*i - 115. What is the tens digit of o?
3
Suppose 5*m - 2*k - 3*k = 25, 3*m + 2*k = 0. Suppose -m*b + 8 = 2*b. What is the units digit of (1/b)/(1/2)?
1
Suppose -1169 = -3*g + 2*j, 2*j + 1328 = 4*g - 234. What is the tens digit of g?
9
Let c = 1106 - 549. What is the tens digit of c?
5
Suppose 5*l - 7 = 18. Suppose -l*s + 16 - 1 = 0. Suppose 137 = s*u - 3*k - 40, 246 = 4*u - 2*k. What is the tens digit of u?
6
Suppose 0 = 3*o - 3*n - 18, 6*n = -o + 2*n - 19. Let z be (o + 13)*(-270)/(-63). Let d = z - 39. What i